 is 111 - 1237470?
-1237357
In base 8, what is -4722 + 63343?
56421
In base 2, what is 111110010100001101001 + 110011?
111110010100010011100
In base 3, what is 1221010 - 2200220?
-202210
In base 16, what is -6b29 + -11266?
-17d8f
In base 11, what is -8 + 121909?
121901
In base 4, what is -223012130310 + 0?
-223012130310
In base 8, what is -16351 + 6262?
-10067
In base 9, what is -8 - -3815187?
3815178
In base 10, what is -242 - -34331?
34089
In base 5, what is -2 - -1312220332?
1312220330
In base 2, what is 10111010001 + 11100110000000?
11111101010001
In base 6, what is 132050 - -110524?
243014
In base 10, what is 145 - -233544?
233689
In base 2, what is -11110100001100111111001 - 101111?
-11110100001101000101000
In base 14, what is 2 - -139ba53b?
139ba53d
In base 12, what is -b15b9a + 4?
-b15b96
In base 9, what is -1080 + 224314?
223224
In base 9, what is -20 + 87202732?
87202712
In base 10, what is -5165 + 95102?
89937
In base 15, what is -cc0a - db?
-cce6
In base 3, what is 111122001101 - -2?
111122001110
In base 8, what is -3 - -13052026?
13052023
In base 4, what is 130 + -213021022?
-213020232
In base 15, what is 17e9d8d + 4?
17e9d92
In base 5, what is -2044101110441 + -1?
-2044101110442
In base 14, what is 14818 + -11?
14807
In base 7, what is -265 - -1020010?
1016412
In base 5, what is -11311333422 + 3?
-11311333414
In base 12, what is 69 - -141134a?
14113b7
In base 6, what is -12012315545 - 3?
-12012315552
In base 8, what is -3 + 73764453?
73764450
In base 14, what is -a1a26c + -5?
-a1a273
In base 16, what is 5 + 28e01d?
28e022
In base 12, what is 18 - 762017?
-761bbb
In base 14, what is 1d0 + 53?
243
In base 13, what is 2791261 - 0?
2791261
In base 10, what is -251330 + -29?
-251359
In base 14, what is 5d83822 - -1?
5d83823
In base 12, what is -187 + 4b8?
331
In base 12, what is 1 - 464254?
-464253
In base 7, what is 4 + -1001406640?
-1001406633
In base 6, what is -2 - -142122245?
142122243
In base 12, what is -66 + -5a3835?
-5a389b
In base 3, what is 102020211120120 - -10?
102020211120200
In base 10, what is -403327718 + -3?
-403327721
In base 10, what is 237962 + -62?
237900
In base 9, what is -37 + 1173857?
1173820
In base 16, what is 4 - -129a771?
129a775
In base 15, what is -5 - 15d7285?
-15d728a
In base 15, what is 210c24 + 3?
210c27
In base 13, what is 562 - -27851?
280b3
In base 13, what is -217651 - 5?
-217656
In base 12, what is 0 + 2b80b8?
2b80b8
In base 12, what is -6 - 841aa?
-841b4
In base 12, what is -1712950 + 19?
-1712933
In base 4, what is -131211100131 + 221?
-131211033310
In base 15, what is 3 + -6a0199?
-6a0196
In base 10, what is 256849 - 137?
256712
In base 6, what is 31101 - 1013?
30044
In base 5, what is -443433324 + -41?
-443433420
In base 15, what is -129ea0 - 21?
-129ec1
In base 14, what is -8c593 - b?
-8c5a0
In base 11, what is -81a8 - -1804?
-64a4
In base 7, what is -124355364 + 16?
-124355345
In base 13, what is -1174 - 3530?
-46a4
In base 13, what is -1085c41 + -64?
-1085ca5
In base 6, what is -115030103 + 14?
-115030045
In base 13, what is -14311527 - -5?
-14311522
In base 6, what is 50345 - 5300?
41045
In base 15, what is 14 - a97c?
-a968
In base 16, what is -f6b6 - d?
-f6c3
In base 13, what is 2 + 49077c1?
49077c3
In base 9, what is -1 - -33603?
33602
In base 6, what is 3 + -42321341004?
-42321341001
In base 12, what is 4a7784 + 5?
4a7789
In base 13, what is -a9 - -1901a3a?
1901961
In base 6, what is 4 - 232154345?
-232154341
In base 13, what is -72 + 2b3b3b?
2b3a99
In base 9, what is -1145700711 - -2?
-1145700708
In base 8, what is -5 + -340505600?
-340505605
In base 15, what is -1e775a - -1?
-1e7759
In base 12, what is 42 - 8aba9?
-8ab67
In base 2, what is -1011 + 1111100010001100110011101?
1111100010001100110010010
In base 7, what is -1323011 - 2?
-1323013
In base 8, what is 674251 - -2?
674253
In base 9, what is 73 + 234348?
234432
In base 14, what is -1472 - -1794?
322
In base 15, what is 5e4d0161 - -1?
5e4d0162
In base 12, what is 1 - 3106a?
-31069
In base 2, what is -1001111101001001011100001 - -1?
-1001111101001001011100000
In base 3, what is -1002001211120201 + 1011?
-1002001211112120
In base 14, what is -435d7 + a7?
-43530
In base 15, what is 10 + 211d5?
211e5
In base 6, what is 23315 + -3125?
20150
In base 15, what is -3c7cdc + -74?
-3c7d61
In base 14, what is -c3ab3 - 149?
-c3c1c
In base 7, what is -21 - 5333636?
-5333660
In base 14, what is -108643 + -51?
-108694
In base 12, what is 4749b9 + -67?
474952
In base 8, what is -242 - -3620535?
3620273
In base 6, what is -2 - -1013435401?
1013435355
In base 11, what is -16 + 5a5989?
5a5973
In base 8, what is 24417 + -5556?
16641
In base 14, what is -17 + -2710c?
-27125
In base 6, what is -3 - -11002215554?
11002215551
In base 11, what is 4 - -195386072?
195386076
In base 9, what is -12650 + -676?
-13436
In base 6, what is 200 + -1403001?
-1402401
In base 16, what is -17 + -417c0?
-417d7
In base 14, what is -35 + 21a0cb?
21a096
In base 12, what is 3 + -1bb0109?
-1bb0106
In base 9, what is 2423602 + 1?
2423603
In base 5, what is -123443144044 + -40?
-123443144134
In base 16, what is -6 - -86fc6c?
86fc66
In base 5, what is 1444 + 1204110?
1211104
In base 15, what is 2379 + -127?
2252
In base 5, what is 111113230024 + -4?
111113230020
In base 5, what is -12234302441 + 1?
-12234302440
In base 7, what is -3 + 32325123?
32325120
In base 4, what is 2 - 210103313133?
-210103313131
In base 16, what is -19d5 - -107f?
-956
In base 8, what is 15306033412 + 3?
15306033415
In base 5, what is 2 - -1204012120?
1204012122
In base 3, what is -22011 + -210202022120?
-210202121201
In base 7, what is -10112214635 + 1?
-10112214634
In base 8, what is -5252424 - 20?
-5252444
In base 4, what is -110130123302 - -103?
-110130123133
In base 16, what is 32146ce - 1?
32146cd
In base 3, what is 1102202010011111 - -22?
1102202010011210
In base 4, what is -133311211 + -21212?
-133333023
In base 16, what is 85590 - -1b?
855ab
In base 16, what is -1f180 - 7?
-1f187
In base 5, what is 2142102210 + 3?
2142102213
In base 16, what is -11f + -188a7?
-189c6
In base 15, what is 2a - -81784?
817ae
In base 11, what is 376 + -603345?
-602a7a
In base 2, what is -10110110100 - 11?
-10110110111
In base 12, what is -6739 + 154?
-65a5
In base 9, what is 13265 + -136626?
-123351
In base 16, what is -1 + 118b4f?
118b4e
In base 2, what is 10011101010 - 1000000101000111001?
-1000000010101001111
In base 12, what is 789 - 1841?
-1074
In base 8, what is -144 + 22576?
22432
In base 3, what is -20002202 + -12112220002?
-12202222211
In base 14, what is -3da - 16d7b?
-17377
In base 11, what is 7 - 9613923?
-9613917
In base 10, what is 15625 - -199?
15824
In base 15, what is 2 - -2595eeb?
2595eed
In base 14, what is -5 + 47d11b?
47d116
In base 8, what is -31 + 3257503?
3257452
In base 7, what is -4261 + -15553?
-23144
In base 12, what is -7241 + 220?
-7021
In base 13, what is -3 + 342c891?
342c88b
In base 12, what is -117 + -520948?
-520a63
In base 5, what is -14 + -113342001?
-113342020
In base 14, what is -3012 + 1a4a2?
17490
In base 10, what is 68 - 5820969?
-5820901
In base 14, what is 6129d42a - 5?
6129d425
In base 7, what is -3655213 - 10?
-3655223
In base 2, what is 1010011111111101101 - -101011011?
1010100000101001000
In base 4, what is 12200321110 + 12?
12200321122
In base 16, what is 1045c73 - -5?
1045c78
In base 9, what is 2 + 1528178?
1528181
In base 6, what is -2220503550 + -3?
-2220503553
In base 5, what is 1031 - 20314241?
-20313210
In base 7, what is 123 + 116032?
116155
In base 11, what is 10 + -a55357a?
-a55356a
In base 3, what is 2110100020 + 101210020?
2212010110
In base 9, what is 654473536 + 2?
654473538
In base 15, what is 581ac - 20e?
57e9d
In base 2, what is -100001110010 - -11001100011001101?
11001000001011011
In base 2, what is 1110011110100101001 - 110100?
1110011110011110101
In base 16, what is -e80 - 128?
-fa8
In base 14, what is -898 + -6923?
-73bb
In base 11, what is 106081802 - 5?
1060817a8
In base 8, what is -467062646 + -3?
-467062651
In base 9, what is -1067702670 + -3?
-1067702673
In base 9, what is -6172 + -3674?
-10856
In base 8, what is -117136636 + -23?
-117136661
In base 13, what is -1 + -12b5b565?
-12b5b566
In base 14, what is -43 - -690d?
68aa
In base 3, w